 the prime factors of 162778883?
947, 171889
What are the prime factors of 187258358?
2, 7, 13375597
List the prime factors of 478326836.
2, 13, 349, 26357
List the prime factors of 985810343.
7, 140830049
What are the prime factors of 93410863?
7, 13, 281
List the prime factors of 205414942.
2, 102707471
What are the prime factors of 260694154?
2, 7, 41, 79, 5749
List the prime factors of 125650126.
2, 7, 8975009
What are the prime factors of 615910304?
2, 19247197
What are the prime factors of 2091679344?
2, 3, 53, 223, 1229
What are the prime factors of 116932725?
3, 5, 7, 13, 5711
What are the prime factors of 352670982?
2, 3, 67, 877291
List the prime factors of 662772586.
2, 7, 6737, 7027
What are the prime factors of 1163961358?
2, 7, 83140097
What are the prime factors of 58480335?
3, 5, 673, 1931
List the prime factors of 570184993.
7, 81454999
What are the prime factors of 106197087?
3, 1933, 18313
What are the prime factors of 58551159?
3, 19517053
What are the prime factors of 944031857?
944031857
What are the prime factors of 853509099?
3, 284503033
What are the prime factors of 609831629?
11, 55439239
What are the prime factors of 426230654?
2, 773, 275699
List the prime factors of 31653366.
2, 3, 5275561
What are the prime factors of 1458845974?
2, 729422987
List the prime factors of 158893819.
7, 41, 139, 569
What are the prime factors of 42079094?
2, 313, 67219
What are the prime factors of 92205453?
3, 30735151
List the prime factors of 865786005.
3, 5, 7, 53, 51859
What are the prime factors of 788137871?
59, 83, 227, 709
What are the prime factors of 655575954?
2, 3, 11, 9932969
What are the prime factors of 853746523?
7, 173, 704993
What are the prime factors of 158387707?
158387707
List the prime factors of 62905681.
62905681
What are the prime factors of 267659614?
2, 133829807
What are the prime factors of 2717138882?
2, 37, 36718093
What are the prime factors of 392724245?
5, 47, 131, 12757
List the prime factors of 45058953.
3, 29, 517919
List the prime factors of 1214213545.
5, 269, 902761
What are the prime factors of 5536450850?
2, 5, 7, 19, 59, 103, 137
List the prime factors of 9204312.
2, 3, 13, 29501
What are the prime factors of 297671235?
3, 5, 941, 21089
List the prime factors of 1914008180.
2, 5, 7, 13671487
List the prime factors of 29534042.
2, 14767021
What are the prime factors of 48535667?
563, 86209
List the prime factors of 3207407268.
2, 3, 13, 79, 317, 821
What are the prime factors of 3647502476?
2, 37, 24645287
List the prime factors of 167548331.
9839, 17029
What are the prime factors of 70601046?
2, 3, 11766841
List the prime factors of 1543630457.
787, 1961411
List the prime factors of 2804513050.
2, 5, 19, 23, 37, 3469
List the prime factors of 1310712465.
3, 5, 109, 151, 5309
List the prime factors of 3738501.
3, 13, 10651
What are the prime factors of 182390856?
2, 3, 31, 245149
What are the prime factors of 285044348?
2, 71261087
What are the prime factors of 187980433?
19, 9893707
List the prime factors of 2058592651.
6247, 329533
What are the prime factors of 6833591905?
5, 7, 195245483
List the prime factors of 39402030.
2, 3, 5, 67, 19603
List the prime factors of 65154401.
13, 19, 103, 197
List the prime factors of 488734088.
2, 17, 3593633
What are the prime factors of 1689292508?
2, 19, 167, 797
List the prime factors of 1882863803.
193, 9755771
What are the prime factors of 159028265?
5, 11, 353, 8191
List the prime factors of 92795948.
2, 7, 3314141
List the prime factors of 194283548.
2, 17, 71, 40241
What are the prime factors of 67287029?
23, 2925523
List the prime factors of 294010054.
2, 13, 11308079
What are the prime factors of 9958053?
3, 7, 173, 2741
List the prime factors of 74804684.
2, 59, 563
What are the prime factors of 893008406?
2, 223, 313, 6397
List the prime factors of 4351672343.
29, 839, 178853
List the prime factors of 1532882650.
2, 5, 13, 401, 5881
What are the prime factors of 57760964?
2, 41, 352201
List the prime factors of 962431.
962431
List the prime factors of 18092542.
2, 13, 695867
What are the prime factors of 3204565256?
2, 107, 3743651
List the prime factors of 23675434.
2, 11837717
List the prime factors of 684962736.
2, 3, 137, 104161
List the prime factors of 191883850.
2, 5, 19, 37, 53, 103
What are the prime factors of 10581027?
3, 29, 121621
List the prime factors of 352847157.
3, 13, 19, 36629
What are the prime factors of 35923060?
2, 5, 43, 41771
List the prime factors of 9020081437.
101, 347, 257371
What are the prime factors of 151264694?
2, 7, 67, 161263
What are the prime factors of 144488198?
2, 19, 3802321
What are the prime factors of 27512807?
7, 23, 170887
What are the prime factors of 2920619702?
2, 7, 11, 13, 719, 2029
List the prime factors of 36835815.
3, 5, 83, 29587
List the prime factors of 39188309.
29, 31, 43591
List the prime factors of 2314956018.
2, 3, 2707, 142529
What are the prime factors of 51912435?
3, 5, 619, 5591
List the prime factors of 467404292.
2, 116851073
List the prime factors of 946966368.
2, 3, 17, 379, 1531
What are the prime factors of 134724871?
134724871
What are the prime factors of 235848926?
2, 117924463
What are the prime factors of 5926482958?
2, 11, 24489599
List the prime factors of 43950816.
2, 3, 7, 13, 43
List the prime factors of 47466875.
5, 173, 439
What are the prime factors of 27610635?
3, 5, 13, 17, 8329
List the prime factors of 340010167.
7, 709, 9787
List the prime factors of 1243678533.
3, 197, 2104363
List the prime factors of 2372590241.
7, 48420209
What are the prime factors of 63544176?
2, 3, 49031
What are the prime factors of 317107149?
3, 105702383
What are the prime factors of 38681190?
2, 3, 5, 429791
What are the prime factors of 37727677?
13, 277, 10477
List the prime factors of 257753389.
449, 574061
What are the prime factors of 29478285?
3, 5, 349, 1877
What are the prime factors of 257505117?
3, 85835039
What are the prime factors of 87785359?
179, 490421
List the prime factors of 3896479268.
2, 11, 8050577
List the prime factors of 215816070.
2, 3, 5, 149, 48281
What are the prime factors of 174334481?
19, 337, 1433
List the prime factors of 6222394912.
2, 194449841
List the prime factors of 428648345.
5, 547, 156727
What are the prime factors of 1247607151?
7, 47, 3792119
List the prime factors of 353907663.
3, 9319, 12659
List the prime factors of 1007811433.
19, 167, 317621
What are the prime factors of 6538189138?
2, 13, 251468813
List the prime factors of 221845205.
5, 44369041
What are the prime factors of 119760484?
2, 29940121
What are the prime factors of 4484073793?
4484073793
What are the prime factors of 482502207?
3, 11, 19, 769541
List the prime factors of 60887162.
2, 7, 31, 239, 587
What are the prime factors of 594820123?
17, 59, 593041
What are the prime factors of 33783498?
2, 3, 7, 268123
What are the prime factors of 51050174?
2, 7, 3646441
What are the prime factors of 283649670?
2, 3, 5, 19, 165877
What are the prime factors of 448456867?
19, 101, 233693
What are the prime factors of 47667827?
19, 2508833
List the prime factors of 76868080.
2, 5, 487, 1973
List the prime factors of 5107773475.
5, 7, 67, 62233
List the prime factors of 461691938.
2, 103, 229, 9787
What are the prime factors of 319554998?
2, 7, 421, 54217
What are the prime factors of 214996267?
19, 839, 13487
What are the prime factors of 71033413?
11, 587053
List the prime factors of 963332243.
19, 101, 501997
What are the prime factors of 66074031?
3, 7341559
List the prime factors of 14022378.
2, 3, 779021
What are the prime factors of 4696146?
2, 3, 7, 13, 47, 61
What are the prime factors of 854309025?
3, 5, 140627
List the prime factors of 29801109.
3, 13, 764131
List the prime factors of 7377391282.
2, 199, 18536159
What are the prime factors of 23365592?
2, 19, 347, 443
What are the prime factors of 2232556253?
34259, 65167
List the prime factors of 464293605.
3, 5, 1223, 25309
List the prime factors of 3611503036.
2, 1321, 683479
What are the prime factors of 1924548671?
59, 32619469
What are the prime factors of 98113837?
23, 1063, 4013
List the prime factors of 33581804.
2, 31, 270821
List the prime factors of 2080347407.
18287, 113761
What are the prime 